tor of 30297282?
True
Does 13 divide 787161288?
False
Does 6 divide 62151063?
False
Is 460 a factor of 2289469680?
True
Is 256 a factor of 9216?
True
Is 88 a factor of 96532494?
False
Is 542382824 a multiple of 17?
True
Is 111 a factor of 613508811?
False
Does 23 divide 237337138?
True
Does 131 divide 305254497?
True
Is 351120585 a multiple of 4212?
False
Is 829671601 a multiple of 100?
False
Is 28306764 a multiple of 1149?
True
Is 3897 a factor of 78886971?
True
Is 16 a factor of 36368160?
True
Does 70 divide 60009947?
False
Does 16 divide 12133691?
False
Is 1729 a factor of 52226174?
True
Does 9 divide 49125267?
True
Is 481306425 a multiple of 4164?
False
Does 7 divide 11596166?
False
Does 195 divide 578039381?
False
Is 159925947 a multiple of 3?
True
Is 13345624 a multiple of 16?
False
Is 68 a factor of 244823868?
True
Is 30321639 a multiple of 1912?
False
Is 99007183 a multiple of 11?
True
Does 8 divide 2720334?
False
Is 6 a factor of 687004?
False
Does 229 divide 200303552?
True
Is 8322540 a multiple of 354?
True
Is 151475800 a multiple of 56?
True
Is 1482 a factor of 16459092?
True
Does 4166 divide 200638430?
False
Is 27 a factor of 3406401?
True
Is 1472763660 a multiple of 1101?
True
Does 316 divide 13146548?
True
Is 859 a factor of 263143322?
False
Does 4535 divide 335636807?
False
Does 5 divide 29376055?
True
Is 239534205 a multiple of 2445?
True
Is 2222475226 a multiple of 74?
True
Is 8313732 a multiple of 588?
True
Does 14 divide 136799068?
True
Is 157816666 a multiple of 10?
False
Is 202514042 a multiple of 124?
False
Is 471 a factor of 313784781?
False
Is 3772320 a multiple of 2?
True
Does 86 divide 84557350?
True
Is 9 a factor of 551791?
False
Is 399336069 a multiple of 561?
True
Does 145 divide 9574785?
True
Does 125 divide 14990500?
True
Is 3336571 a multiple of 19?
True
Is 12 a factor of 132814284?
True
Is 2716577709 a multiple of 42?
False
Is 15 a factor of 338609595?
True
Is 2694 a factor of 212462310?
True
Is 1383 a factor of 79770057?
True
Is 8 a factor of 84048904?
True
Does 40 divide 370681575?
False
Is 128363598 a multiple of 253?
True
Is 267 a factor of 6877962?
False
Is 1020500 a multiple of 4?
True
Is 93812033 a multiple of 1354?
False
Is 266607429 a multiple of 25?
False
Does 18 divide 2413471555?
False
Does 356 divide 1472658792?
True
Is 88 a factor of 67306683?
False
Is 153821556 a multiple of 2689?
True
Does 8 divide 18052752?
True
Is 3217 a factor of 263070583?
False
Is 115030032 a multiple of 78?
True
Does 32 divide 47315274?
False
Is 506 a factor of 11861474?
False
Is 748 a factor of 51309060?
True
Is 113994836 a multiple of 4?
True
Does 3456 divide 99715968?
True
Is 38339600 a multiple of 146?
True
Does 102 divide 141097722?
True
Is 679 a factor of 66537404?
False
Is 95 a factor of 1859002250?
False
Is 367588320 a multiple of 120?
True
Does 97 divide 39494371?
False
Is 250190520 a multiple of 3?
True
Is 8 a factor of 70296598?
False
Does 93 divide 5772138?
True
Does 46 divide 22526062?
True
Is 674656450 a multiple of 13?
True
Is 1976555119 a multiple of 1529?
True
Does 22 divide 349666261?
False
Is 354280059 a multiple of 1953?
True
Is 37 a factor of 49126483?
False
Is 114 a factor of 1326403?
False
Is 9601459 a multiple of 989?
False
Is 4147008129 a multiple of 68?
False
Does 18 divide 18253454?
False
Is 2062 a factor of 80321086?
True
Is 121 a factor of 1893892?
True
Is 71396347 a multiple of 1073?
True
Is 489861119 a multiple of 1015?
False
Does 14 divide 50343065?
False
Is 124 a factor of 735143548?
True
Is 61136775 a multiple of 513?
True
Does 52 divide 65517560?
False
Is 451839271 a multiple of 13?
True
Is 347 a factor of 88640803?
True
Is 3 a factor of 13502747?
False
Is 348 a factor of 187977420?
True
Does 239 divide 34778085?
True
Does 5 divide 5115302?
False
Is 5 a factor of 10351511?
False
Is 45 a factor of 777681450?
True
Is 3175 a factor of 246841516?
False
Is 44 a factor of 374329472?
True
Is 469 a factor of 2637656?
True
Does 173 divide 65816742?
False
Is 16 a factor of 813404?
False
Is 2 a factor of 19330350?
True
Is 20 a factor of 1419607131?
False
Does 614 divide 41213522?
True
Is 22350265 a multiple of 12?
False
Is 1353 a factor of 111668419?
False
Does 429 divide 21510060?
True
Is 40 a factor of 863963219?
False
Does 533 divide 77285?
True
Is 2583 a factor of 24066421?
False
Is 1652078984 a multiple of 498?
False
Does 69 divide 525284304?
True
Is 155 a factor of 1739111?
False
Is 122 a factor of 378364456?
True
Is 22122936 a multiple of 72?
True
Is 16 a factor of 43526489?
False
Is 335 a factor of 1541601325?
True
Does 41 divide 12914267?
False
Does 139 divide 239370663?
False
Is 914250410 a multiple of 607?
False
Does 906 divide 2292814894?
False
Is 342609160 a multiple of 3746?
True
Is 47 a factor of 263939138?
False
Is 26 a factor of 42962074?
False
Does 13 divide 168975310?
False
Does 4 divide 137248058?
False
Is 183 a factor of 3027842?
False
Is 5507 a factor of 584501966?
True
Does 4869 divide 1693560385?
False
Is 3019 a factor of 1541689819?
False
Is 98671058 a multiple of 46?
True
Is 2216 a factor of 23370322?
False
Is 113 a factor of 19329523?
False
Does 13 divide 28906020?
True
Does 39 divide 20763822?
False
Does 2198 divide 69356037?
False
Does 243 divide 22839880?
False
Is 6225048 a multiple of 7?
False
Does 7138 divide 942832874?
False
Does 107 divide 17591098?
False
Is 16476845 a multiple of 13?
False
Does 1179 divide 48754008?
True
Does 135 divide 38042446?
False
Does 47 divide 8332395?
True
Does 255 divide 6867405?
True
Is 174868146 a multiple of 4374?
True
Is 6952888 even?
True
Does 444 divide 549048436?
False
Is 19 a factor of 1779842009?
False
Is 420 a factor of 20337240?
True
Is 11225 a factor of 714976375?
True
Is 3157 a factor of 122087504?
True
Does 10 divide 2966844820?
True
Does 14 divide 51781624?
False
Is 1713951104 a multiple of 40?
False
Is 4792300 a multiple of 4?
True
Is 269629760 a multiple of 19?
True
Is 10 a factor of 114960880?
True
Does 1212 divide 13770744?
True
Does 345 divide 1985477?
False
Is 24436475 a multiple of 47?
True
Is 72050408 a multiple of 446?
True
Is 17384940 a multiple of 4?
True
Is 292856536 a multiple of 399?
False
Is 757869336 a multiple of 141?
False
Is 242291456 a multiple of 4?
True
Does 754 divide 658222711?
False
Is 2763701655 a multiple of 15?
True
Does 262 divide 17848750?
True
Is 303971884 a multiple of 96?
False
Is 33174357 a multiple of 226?
False
Is 1221 a factor of 33161139?
True
Is 1252152156 a multiple of 1868?
True
Is 20 a factor of 457238856?
False
Is 109 a factor of 762914217?
True
Is 33 a factor of 102526649?
False
Is 2828 a factor of 1041581519?
False
Is 116234495 a multiple of 350?
False
Is 36 a factor of 978088091?
False
Is 23 a factor of 183784858?
True
Is 490 a factor of 2507330?
True
Does 374 divide 1838138?
False
Is 19595977 a multiple of 416?
False
Is 1135138 a multiple of 19?
False
Is 912 a factor of 1856363148?
False
Does 21 divide 346754880?
False
Is 1387 a factor of 58621555?
True
Is 34134885 a multiple of 2?
False
Is 32672789 a multiple of 13?
False
Is 1358 a factor of 749397?
False
Is 556 a factor of 72158569?
False
Does 51 divide 1261099746?
True
Is 1224414150 a multiple of 25?
True
Is 101122112 a multiple of 16?
True
Is 210509532 a multiple of 12?
True
Is 5 a factor of 98933790?
True
Is 859164 a multiple of 6?
True
Is 189783662 a multiple of 35?
False
Is 46 a factor of 125350874?
True
Is 95520279 a multiple of 4?
False
Does 50 divide 15751350?
True
Is 3 a factor of 175037468?
False
Does 176 divide 360685771?
False
Is 1070407347 a multiple of 6?
False
Is 1944 a factor of 271738152?
True
Does 77 divide 94507705?
False
Does 10 divide 35791310?
True
Is 2726979073 a multiple of 310?
False
Does 9 divide 14969911?
False
Is 15686409 a multiple of 35?
False
Is 2473 a factor of 131852794?
False
Is 11326980 a multiple of 181?
True
Is 31 a factor of 59267877?
True
Is 282 a factor of 56105430?
False
Is 5957796 a multiple of 6?
True
Does 256 divide 1219786240?
True
Is 208434972 a multiple of 105?
False
Does 136 divide 228543977?
False
Does 6 divide 319670627?
False
Is 39769443 a multiple of 1569?
True
Is 35591244 a multiple of 39?
True
Is 3512594595 a multiple of 5963?
True
Is 589371393 a multiple of 741?
True